t is the remainder when 253249 is divided by 42208?
1
What is the remainder when 128045 is divided by 173?
25
Calculate the remainder when 712202 is divided by 178043.
30
Calculate the remainder when 13882 is divided by 46.
36
Calculate the remainder when 3707 is divided by 531.
521
What is the remainder when 321673 is divided by 23?
18
Calculate the remainder when 60214 is divided by 1469.
1454
Calculate the remainder when 26641 is divided by 8873.
22
Calculate the remainder when 1169 is divided by 24.
17
Calculate the remainder when 1193 is divided by 201.
188
What is the remainder when 19553 is divided by 111?
17
Calculate the remainder when 678943 is divided by 339468.
7
Calculate the remainder when 32158 is divided by 1070.
58
What is the remainder when 8340 is divided by 2615?
495
What is the remainder when 9734 is divided by 441?
32
What is the remainder when 4831 is divided by 4595?
236
Calculate the remainder when 13323 is divided by 2646.
93
What is the remainder when 83660 is divided by 166?
162
What is the remainder when 5584 is divided by 915?
94
Calculate the remainder when 25325 is divided by 8387.
164
What is the remainder when 13316 is divided by 4225?
641
Calculate the remainder when 2953 is divided by 455.
223
What is the remainder when 3923 is divided by 58?
37
Calculate the remainder when 392171 is divided by 289.
287
Calculate the remainder when 15356 is divided by 511.
26
Calculate the remainder when 1878639 is divided by 313103.
21
What is the remainder when 12187 is divided by 531?
505
What is the remainder when 671 is divided by 93?
20
Calculate the remainder when 782690 is divided by 8.
2
What is the remainder when 83765 is divided by 83752?
13
What is the remainder when 603604 is divided by 60?
4
Calculate the remainder when 1628421 is divided by 1229.
1225
Calculate the remainder when 15674 is divided by 27.
14
What is the remainder when 112 is divided by 17?
10
Calculate the remainder when 43555 is divided by 120.
115
Calculate the remainder when 13549 is divided by 112.
109
Calculate the remainder when 3872663 is divided by 18.
17
Calculate the remainder when 15787 is divided by 2628.
19
What is the remainder when 22608 is divided by 5?
3
Calculate the remainder when 10822 is divided by 155.
127
Calculate the remainder when 843 is divided by 157.
58
Calculate the remainder when 190154 is divided by 3803.
4
What is the remainder when 7850 is divided by 613?
494
Calculate the remainder when 21884 is divided by 95.
34
What is the remainder when 84369 is divided by 110?
109
What is the remainder when 2854 is divided by 1080?
694
What is the remainder when 12254 is divided by 61?
54
Calculate the remainder when 235590 is divided by 675.
15
What is the remainder when 123527 is divided by 166?
23
Calculate the remainder when 1973 is divided by 999.
974
Calculate the remainder when 767768 is divided by 11996.
24
Calculate the remainder when 6713 is divided by 219.
143
What is the remainder when 23895 is divided by 1592?
15
Calculate the remainder when 3125 is divided by 35.
10
Calculate the remainder when 5140 is divided by 271.
262
Calculate the remainder when 151440 is divided by 50480.
0
What is the remainder when 213511 is divided by 27?
22
Calculate the remainder when 891197 is divided by 42.
41
Calculate the remainder when 134657 is divided by 1248.
1121
What is the remainder when 14508 is divided by 14469?
39
What is the remainder when 52032 is divided by 10?
2
What is the remainder when 12110 is divided by 2419?
15
What is the remainder when 3362 is divided by 71?
25
What is the remainder when 143809 is divided by 9?
7
Calculate the remainder when 3134170 is divided by 278.
276
What is the remainder when 11462 is divided by 454?
112
Calculate the remainder when 45074 is divided by 135.
119
Calculate the remainder when 373380 is divided by 61.
60
What is the remainder when 675474 is divided by 4275?
24
What is the remainder when 97859 is divided by 140?
139
What is the remainder when 764 is divided by 572?
192
Calculate the remainder when 10143 is divided by 68.
11
Calculate the remainder when 82017 is divided by 641.
610
Calculate the remainder when 36395 is divided by 175.
170
Calculate the remainder when 115045 is divided by 220.
205
Calculate the remainder when 9715 is divided by 125.
90
What is the remainder when 3666 is divided by 1380?
906
Calculate the remainder when 47020 is divided by 51.
49
Calculate the remainder when 17288 is divided by 375.
38
What is the remainder when 30168 is divided by 570?
528
Calculate the remainder when 8333 is divided by 883.
386
Calculate the remainder when 71914 is divided by 124.
118
Calculate the remainder when 1695201 is divided by 1366.
1361
Calculate the remainder when 5271 is divided by 964.
451
What is the remainder when 115486 is divided by 36?
34
What is the remainder when 56989 is divided by 278?
277
Calculate the remainder when 156674 is divided by 22.
12
What is the remainder when 27026 is divided by 13200?
626
What is the remainder when 125918 is divided by 40?
38
Calculate the remainder when 1925 is divided by 19.
6
Calculate the remainder when 243602 is divided by 349.
0
What is the remainder when 33360 is divided by 187?
74
What is the remainder when 307465 is divided by 122?
25
What is the remainder when 2736 is divided by 199?
149
What is the remainder when 33299 is divided by 16647?
5
What is the remainder when 1077 is divided by 149?
34
Calculate the remainder when 1907 is divided by 200.
107
Calculate the remainder when 592 is divided by 23.
17
What is the remainder when 6635 is divided by 3233?
169
Calculate the remainder when 37218 is divided by 653.
650
Calculate the remainder when 5399 is divided by 62.
5
What is the remainder when 450869 is divided by 112716?
5
Calculate the remainder when 2183 is divided by 92.
67
What is the remainder when 44350 is divided by 63?
61
Calculate the remainder when 14511 is divided by 17.
10
Calculate the remainder when 308202 is divided by 4.
2
What is the remainder when 6129 is divided by 2437?
1255
What is the remainder when 113701 is divided by 62?
55
Calculate the remainder when 178 is divided by 121.
57
What is the remainder when 1799 is divided by 1792?
7
What is the remainder when 1678 is divided by 1238?
440
Calculate the remainder when 16748 is divided by 364.
4
What is the remainder when 105204 is divided by 265?
264
What is the remainder when 7244 is divided by 1809?
8
What is the remainder when 182961 is divided by 316?
313
What is the remainder when 33579 is divided by 43?
39
What is the remainder when 164042 is divided by 386?
378
Calculate the remainder when 12316 is divided by 137.
123
What is the remainder when 11445 is divided by 81?
24
What is the remainder when 19867 is divided by 6617?
16
What is the remainder when 120664 is divided by 119?
117
What is the remainder when 33537 is divided by 33527?
10
Calculate the remainder when 34508 is divided by 53.
5
What is the remainder when 25108 is divided by 26?
18
Calculate the remainder when 1077930 is divided by 20.
10
What is the remainder when 42980 is divided by 14?
0
What is the remainder when 2508 is divided by 302?
92
Calculate the remainder when 1852444 is divided by 617481.
1
Calculate the remainder when 2525 is divided by 158.
155
Calculate the remainder when 53844 is divided by 17829.
357
What is the remainder when 15848 is divided by 15776?
72
What is the remainder when 284585 is divided by 21890?
15
What is the remainder when 1887 is divided by 277?
225
Calculate the remainder when 12616 is divided by 25.
16
Calculate the remainder when 38932 is divided by 38565.
367
What is the remainder when 4339437 is divided by 35?
32
What is the remainder when 314625 is divided by 34?
23
Calculate the remainder when 44217 is divided by 920.
57
Calculate the remainder when 6570199 is divided by 650.
649
What is the remainder when 6632 is divided by 602?
10
Calculate the remainder when 1325939 is divided by 30.
29
Calculate the remainder when 4902 is divided by 1626.
24
Calculate the remainder when 63725 is divided by 78.
77
What is the remainder when 32850 is divided by 19?
18
Calculate the remainder when 48671 is divided by 16217.
20
What is the